14 - -537. Suppose -5*l + d = g, -g + 338 = 5*l - l. Is l prime?
False
Let q(s) = s**2 - 3*s + 1. Let f be q(4). Let t = 28 - f. Is t a prime number?
True
Is (2 - (9 + -5))*1801/(-2) a composite number?
False
Let q = 744 + 143. Is q a prime number?
True
Suppose 133 = -z + 5. Let b = -31 - z. Is b prime?
True
Suppose 3*f - 5157 = 5202. Is f a prime number?
False
Suppose 4*w - 310 = 682. Let y = 399 - w. Let k = y + -54. Is k a prime number?
True
Let w(a) = -a**3 + 10*a**2 - 8*a - 7. Let o be w(9). Suppose 3*r - 3*n + 4 = o*r, 0 = 3*r - 2*n - 2. Is r a prime number?
True
Suppose -2*a - a = -36. Suppose b = 4*b - a. Is (-7 + 275)*5/b composite?
True
Let a = 3 - 45. Let x = a + 119. Is x prime?
False
Let p(s) = -s**2 - 57*s - 31. Is p(-17) composite?
True
Suppose 0 = m - 4*j - 402, m - 387 = j - 2*j. Suppose 0 = 6*y - 2*y - 16, -5*y + m = -5*f. Is f/4*(-4 - -2) a prime number?
True
Let g(q) = -q + 1. Let d be g(-1). Suppose -247 = -d*j + 135. Is j a composite number?
False
Let q = -8 - -10. Let x(d) be the third derivative of d**5/20 - d**4/6 + d**3/3 - d**2. Is x(q) a composite number?
True
Is ((-237)/6)/((-3)/6) a prime number?
True
Suppose 2*k = -6, 4*t - 5*k - 301 = 62. Let w = 159 + -107. Let r = t - w. Is r a composite number?
True
Suppose 4*c = c + 2907. Suppose -7*k + c + 914 = 0. Is k prime?
True
Let r(g) = g + 8. Let h be r(-7). Suppose 2*j - 4*j + 2 = 0. Is (-86*h/(-2))/j a prime number?
True
Let k(l) = 7*l**2 + 3*l + 6. Let h be k(-4). Suppose r - h = -r. Is r a composite number?
False
Let f = -2568 + 3829. Is f prime?
False
Let a = 1452 + -477. Let s = a + -502. Is s a prime number?
False
Let o(v) = 11*v**3 - 15*v**2 - 6*v - 14. Let p(z) = 7*z**3 - 10*z**2 - 4*z - 9. Let d(r) = -5*o(r) + 8*p(r). Is d(6) a composite number?
True
Suppose -5*g - 4*s + 2935 = 0, 5*g - 5*s - 2900 = -2*s. Is g composite?
True
Let b(p) = 15*p**2 + 7*p + 5. Let n be b(-6). Suppose n = -5*l + 3*d + 1215, -4*l + d = -571. Is l a prime number?
False
Let z(l) = l**2 - 3*l + 2. Let r be z(2). Suppose 3*u - 46 + 1 = r. Suppose k - 2*k + u = 0. Is k composite?
True
Let n(o) be the first derivative of -o**6/120 - o**5/10 - o**4/8 + o**3/6 + o**2 - 2. Let f(p) be the second derivative of n(p). Is f(-6) a prime number?
True
Suppose 0 = -3*u, -4*i + 2*u = -5 - 7. Suppose o + 33 = -i*l, 2*o + 37 = -2*l - 17. Let m = o + 43. Is m a prime number?
True
Let w(n) = n**3 + 6*n**2 + 4*n - 2. Let o be w(-5). Suppose 3*v - 2 = -17, v - 172 = -o*j. Is j a prime number?
True
Suppose -2*d + 5*y + 121 = 0, -112 - 3 = -2*d + 3*y. Is d composite?
False
Let m = 65 - -66. Is m composite?
False
Let h(m) = 328*m - 83. Is h(16) a composite number?
True
Suppose -7*y = -4*y - 921. Is y a composite number?
False
Suppose 136 = -2*c - 0*c - 3*o, -3*c + 2*o = 230. Let h = c - -151. Is h a composite number?
True
Let q be (6/(-8))/(3/36). Is 37/(1*(-3)/q) prime?
False
Let z be 1/(-4) + (-6)/8. Is -3*z*(-1)/(-1) prime?
True
Suppose m - 34 = 4*f, -3*f = 3*m + f - 54. Suppose -k - 3*d + 18 = 0, 4*d - m = -2*k + 4. Suppose -v = -k*v + 26. Is v a composite number?
False
Suppose w = 4*w - 12. Suppose 12 = -4*h, 0*m + w*h = -2*m + 122. Is m prime?
True
Let f(w) = 3*w + 67. Is f(0) a prime number?
True
Suppose -4*m = -5*m + 5*w + 16, 2*m + 5*w + 13 = 0. Let g be -2 + 1 + m + 48. Let u = -27 + g. Is u a composite number?
True
Let l(o) = o - 9. Let w be l(0). Let n = w - 26. Let u = -16 - n. Is u composite?
False
Let c(g) = g + 1. Let u(z) = -15*z**3 - 3*z**2 - 7*z - 3. Let l(d) = -4*c(d) - u(d). Let t be l(3). Suppose 4*m - 359 = -3*n - 16, -m = 4*n - t. Is n composite?
False
Is (-4)/(-14) - (-3)/((-105)/(-46015)) prime?
False
Let n = 53 - -198. Is n composite?
False
Let m = 1367 + 587. Is m a composite number?
True
Let l = -7 - -11. Suppose -l*u + 10 = -2*u. Suppose 8*x - 255 = u*x. Is x prime?
False
Suppose -2*v + 3*u - 182 = -6*v, -3*u = -v + 38. Let x = -21 + v. Suppose 0 = -d + 4*f + 22, -3*f + 1 - x = -d. Is d composite?
True
Let h = 549 - 312. Is h composite?
True
Suppose -3*w + 6 = -5*d, 2*w - 3 - 1 = -2*d. Suppose d = -2*x - 10, -i + 31 = i + x. Let g = 29 - i. Is g a composite number?
False
Let i = -522 + 733. Is i a composite number?
False
Suppose -781 = -4*z + 5*u, 0 = 5*z - 2*u + 6*u - 966. Is z a prime number?
False
Let u = -2 + 5. Let b be u*(-1 + 106/6). Suppose -3*l = -d - 158, b = -l + 2*l - 3*d. Is l a composite number?
False
Let p(n) = -n - 2. Let w be p(0). Let m = 1 - w. Is 36 - (m + -2)/(-1) a prime number?
True
Let j = 127 - 16. Let n = -76 + j. Is n a prime number?
False
Let t = 52 - 14. Let c be (t/(-4))/((-1)/10). Suppose 2*m = -3*m + c. Is m prime?
True
Suppose -3*z = z - 6628. Is z prime?
True
Suppose 593 = w + 3*z - 1183, -3*z - 8790 = -5*w. Is w a composite number?
True
Let p(y) = y**2 - 5*y - 6. Let i be p(6). Let q be (1*154 - -1) + i. Suppose -3*g + 8*g + q = 5*u, -5*u + 161 = -2*g. Is u a prime number?
False
Suppose -6*n - 632 + 9584 = 0. Suppose 12*u - 16*u = -n. Is u a prime number?
True
Let x(t) = -t**3 + 6*t**2 - 5*t + 2. Let m(j) = j**2 - j - 1. Let c be m(3). Let f be x(c). Is (25 - -4)/(f/14) composite?
True
Let i(k) = 2*k**2 + 4*k - 1. Let t be i(-3). Suppose -19 = -t*w + 166. Is w a prime number?
True
Suppose 10*p = -3*s + 5*p + 194, -192 = -3*s - 3*p. Let t(o) = 159*o**2 + 2. Let j(q) = -4928*q**2 - 63. Let n(r) = s*t(r) + 2*j(r). Is n(1) a prime number?
False
Let t = 6 + -4. Let l = 36 - 36. Suppose -266 = -l*p - t*p + 4*m, 5*p - 3*m = 644. Is p a composite number?
False
Suppose -3*o = 3*s - 4*o - 8, 5*o + 6 = -2*s. Let q(u) = 9*u**3 - 2*u**2 + u + 1. Is q(s) a prime number?
True
Suppose -7*r = -2*r - 640. Suppose -4*a + r = -4*f, -2*a - f = 33 - 94. Is a composite?
False
Let t(a) = 3*a**3 - a**2 - 1. Suppose 2*z + 4 - 12 = -3*v, -5 = -3*v + z. Is t(v) prime?
True
Suppose -4*a + a + 5*y + 774 = 0, -5*a + 1262 = y. Is a composite?
True
Let q(i) = -30*i - 1. Is q(-3) a prime number?
True
Let t be (2 + 0)*(3 + -2). Suppose 0 = -t*v - 0*v + 22. Suppose i = -5*q + 13 + v, -77 = -4*i - q. Is i a prime number?
True
Suppose -2*w + 15 = w. Suppose -10 - 9 = -4*r - 3*i, -4*r + 21 = w*i. Suppose 150 = r*y + f - 50, 5*f = -y + 69. Is y a prime number?
False
Suppose -5*c - i + 283 = 906, 0 = -4*i + 8. Let s = c + 268. Is s a composite number?
True
Suppose y + 70 = 6*y. Suppose 2*i - i = -y. Is (-690)/i - 2/7 a prime number?
False
Suppose 5 = 3*c + d + 3, 0 = 4*c + 5*d + 12. Suppose 5*t = -20, 0*w = c*w + t - 64. Is w a prime number?
False
Suppose -4*u - 2 = -2*u, -3*s + 425 = -2*u. Is s a composite number?
True
Let o be (-5)/(-2)*12/(-15). Let p be 3 + o - (1 - -1). Is p/(1/(-10) - 0) prime?
False
Suppose 4*i - 11 = 13. Is 209/3 - i/9 composite?
True
Let g = 10 + -3. Suppose 0 = -2*w + g - 3. Suppose f = -4*k + 13, -w*f + 0*k = -3*k - 81. Is f prime?
False
Let g be (2/4)/(17/442). Suppose g*r - 11*r = 26. Is r prime?
True
Let b(o) be the first derivative of o**4/2 - 8*o**3/3 + o**2 - 7*o + 5. Is b(7) a prime number?
False
Let z(u) = 40*u**2 - 1. Suppose -4*f + 0 - 4 = 0. Is z(f) prime?
False
Suppose 646 + 23 = 3*i. Is i a composite number?
False
Let p(o) = 4*o**3 - o - 3. Let u(z) = -z**2 + 4. Let k be u(0). Let c be p(k). Suppose -3*h + 0*h = -c. Is h a composite number?
False
Suppose 3*n = -14 - 7. Let f(g) = g**3 + 8*g**2 - 2*g - 8. Is f(n) a composite number?
True
Suppose -3*h - 5*g + 46 = 0, -45 = 4*h - 9*h - 2*g. Suppose 0 = 3*k - 95 - h. Is k a composite number?
True
Let h(n) = n**3 - 2*n**2 - 8*n + 3. Is h(5) prime?
False
Let k(v) = 2*v**2 - 12*v + 17. Is k(10) prime?
True
Suppose 5*v - 6*y + 3*y = 16264, 4*y = -2*v + 6490. Is v prime?
True
Suppose -2*j - 424 = 2*j + 2*m, 0 = -3*j + m - 318. Let o = j - -340. Let i = -143 + o. Is i prime?
False
Let z = 9 - 4. Is (z + 0)*318/10 a prime number?
False
Suppose 2*v = k + 4*k - 127, -85 = -3*k - v. Suppose -5*h + 8 = -k. Is h a composite number?
False
Let f be (1/(-2))/(3/(-18)). Let q(n) = n**3 - 3*n**2 + 2*n + 4. Let a be q(f). Let z(u) = u**2 - 8*u - 7. Is z(a) prime?
True
Suppose -z + 5008 = 4*l + 3*z, -2501 = -2*l - 3*z. Suppose 0 = -5*j + 8*b - 3*b + l, 5*j = -3*b + 1255. Is j a composite number?
False
Let n(f) = f**3 - 11*f**2 - 10*f + 15. Let x = 15 - 3. Is n(x) prime?
False
Is (596/(-2))/(2*(-2)/14) composite